{"id":614,"date":"2014-11-13T19:11:14","date_gmt":"2014-11-13T18:11:14","guid":{"rendered":"http:\/\/mariorodriguezruiz.com\/?page_id=614"},"modified":"2015-12-12T09:55:49","modified_gmt":"2015-12-12T08:55:49","slug":"rodriguez-ruiz-la-lucha-por-la-propia-verdad","status":"publish","type":"page","link":"https:\/\/mariorodriguezruiz.com\/?page_id=614","title":{"rendered":""},"content":{"rendered":"<p><strong>Natalia Molinos<\/strong>: \u00abRodr\u00edguez Ruiz: la lucha por la propia verdad\u00bb. <em><a href=\"http:\/\/elmiradordelarte.blogspot.com.es\/\" target=\"_blank\">El mirador del arte<\/a><\/em>, mayo de 2014.<\/p>\n<p>&nbsp;<\/p>\n<p>\u00abAl descubierto\u00bb proyecto curatorial del Freaks Arts Bar presenta hasta el 1 de junio la muestra de Mario Rodr\u00edguez Ru\u00edz \u201cAlteraciones\u201d, licenciado y Doctor en BBAA por la Universidad Polit\u00e9cnica de Valencia, un artista que asimismo forma nuevas generaciones de promesas desde 2000, como profesor de dibujo Art\u00edstico y Color en las Escuelas de Arte y Superiores de Dise\u00f1o de Alicante y Alcoy.<\/p>\n<p>No es frecuente ver el trabajo de Rodr\u00edguez Ru\u00edz en la ciudad de Alicante, por lo que es una gran oportunidad acercarse a ver \u00abAlteraciones\u00bb. Algo de primitivo, de pulsi\u00f3n ancestral capta nuestros sentidos desde el primer vistazo por la fuerza pl\u00e1stica que nos lanzan los lienzos o las ediciones digitales. Im\u00e1genes no expl\u00edcitas, en las que se entremezclan t\u00e9cnicas, distintas visiones superpuestas una sobre otras, una particular forma de entender la figuraci\u00f3n, violencia en los colores escogidos (los rojos, los negros), en las pinceladas gestuales de pintura y en los temas de los que parte cada obra &#8211; \u201cSombra por parejas\u201d, \u201cMater Misericordiae\u201d &#8211; que el espectador tiene que desenmara\u00f1ar, buscar su intrincado, escondido, significado.<\/p>\n<p>La obra capta al espectador, primero por impulso est\u00e9tico, despu\u00e9s por incitar a la curiosidad de descubrir que hay detr\u00e1s. Para conseguir esta atracci\u00f3n, Rodr\u00edguez Ru\u00edz elabora un complicado proceso de creaci\u00f3n, desde el momento en que el artista es cautivado por un objeto o ser, lo fotograf\u00eda y empieza a trabajar con \u00e9l mediante dibujos preparatorios a los que se van incorporando otras referencias visuales, en un proceso de collage virtual que finalmente acaba en el lienzo pintado. Son las alteraciones que ocurren cotidianamente en nuestra vida. Im\u00e1genes que nos llegan continuamente a la retina y que sin darnos cuenta componen nuestro universo interior, realizamos miles de asociaciones ente unas y otras, se nos acumulan, se nos desbaratan en la imaginaci\u00f3n, en la memoria, y, unidas a nuestras propias vivencias, resultan particulares, diferentes para cada uno de nosotros.<\/p>\n<p>Los t\u00edtulos tambi\u00e9n llaman a la reflexi\u00f3n, como vemos en sus dos lienzos. Con \u201cMater Misericordiae\u201d, se nos plantea el concepto at\u00e1vico de madre, la madre protectora, la feliz matrona que envuelve a sus reto\u00f1os, pero tambi\u00e9n la castradora que los devora\u2026 Todos tenemos en mente el famoso cuadro de Goya \u00abSaturno devorando a sus hijos\u00bb, tambi\u00e9n una referencia al paso del tiempo&#8230; como el tiempo nos devora a todos, como nuestra juventud se ve destruida ante la juventud que llega plena de vida, mientras un nuevo ser se desarrolla, nosotros nos encaminamos a la decadencia. Un temor que no s\u00f3lo se refiere a lo f\u00edsico, sino al poder de influir sobre otros. La madre, sin duda, es la primera figura que nos influye en nuestra vida, nos educa en valores, ideas, pensamientos positivos, pero tambi\u00e9n ciertos prejuicios por lo que finalmente nuestra meta como ser independiente en superar los lazos maternales para conseguir ser nosotros mismos.<\/p>\n<p>La madre que es el s\u00edmbolo de la fertilidad, de la tierra, del ser\u2026 El otro de los lienzos presentes en esta muestra \u201cSombra por parejas\u201d, el t\u00edtulo hace referencia a un ejercicio del boxeo, nos lleva a otro an\u00e1lisis. Un personaje doble, que se mueve y se esconde detr\u00e1s de una misteriosa m\u00e1scara de perfecta belleza cl\u00e1sica. Un par de pies descalzos y un par de zapatillas de boxeo, pero de color rosado. Dos en uno. Mujer y hombre, en el mismo lugar, superpuestos, y dando pu\u00f1etazos en el aire. La eterna lucha de sexos enfrentada a los m\u00faltiples yo de cada ser humano, la cantidad de personalidades que formamos dentro de nosotros mismos, como dijo Walt Whitman \u00abcontengo multitudes\u00bb. El lienzo habla de la dificultad de entendimiento en la pareja, o m\u00e1s bien, de intentar imponerse uno al otro. En definitiva, como en la obra anterior, el artista parece reflexionar de nuevo sobre la lucha por ser uno mismo, por luchar contra sus propios fantasmas, miedos\u2026, que se acrecientan ante el miedo a una pareja que no nos permita \u00abser\u00bb.<\/p>\n<p>Entre las impresiones digitales -tiradas de s\u00f3lo hasta veinticinco ejemplares, todos originales- encontramos personajes parecidos a los de los grandes cuadros: una Mater que implosiona en vez de explosionar, un hombre en fren\u00e9tico movimiento, \u00e1ngeles creados a partir de distintos personajes y procesos creativos- especialmente del fotomontaje y el dibujo por ordenador-, llenos de gr\u00e1cil movimiento, la contundente imagen de la muerte creadora de vida&#8230;<\/p>\n<p>No extra\u00f1a que para lograr el resultado final de sus piezas haya estado trabajando en alguna de ellas varios a\u00f1os. Rodr\u00edguez logra su objetivo, hacernos reflexionar, detenernos un momento a pensar qu\u00e9 es lo que estamos contemplando. Nada esta al azar. Nada es producto de la inconsciencia. Una invitaci\u00f3n a pensar por nosotros mismos.<\/p>\n<p><em>\u00a0<\/em><\/p>\n","protected":false},"excerpt":{"rendered":"<p>Natalia Molinos: \u00abRodr\u00edguez Ruiz: la lucha por la propia verdad\u00bb. El mirador del arte, mayo de 2014. &nbsp; \u00abAl descubierto\u00bb proyecto curatorial&#8230;<\/p>\n","protected":false},"author":1,"featured_media":0,"parent":0,"menu_order":0,"comment_status":"open","ping_status":"open","template":"","meta":{"footnotes":""},"class_list":["post-614","page","type-page","status-publish","hentry"],"jetpack_sharing_enabled":true,"_links":{"self":[{"href":"https:\/\/mariorodriguezruiz.com\/index.php?rest_route=\/wp\/v2\/pages\/614","targetHints":{"allow":["GET"]}}],"collection":[{"href":"https:\/\/mariorodriguezruiz.com\/index.php?rest_route=\/wp\/v2\/pages"}],"about":[{"href":"https:\/\/mariorodriguezruiz.com\/index.php?rest_route=\/wp\/v2\/types\/page"}],"author":[{"embeddable":true,"href":"https:\/\/mariorodriguezruiz.com\/index.php?rest_route=\/wp\/v2\/users\/1"}],"replies":[{"embeddable":true,"href":"https:\/\/mariorodriguezruiz.com\/index.php?rest_route=%2Fwp%2Fv2%2Fcomments&post=614"}],"version-history":[{"count":5,"href":"https:\/\/mariorodriguezruiz.com\/index.php?rest_route=\/wp\/v2\/pages\/614\/revisions"}],"predecessor-version":[{"id":1250,"href":"https:\/\/mariorodriguezruiz.com\/index.php?rest_route=\/wp\/v2\/pages\/614\/revisions\/1250"}],"wp:attachment":[{"href":"https:\/\/mariorodriguezruiz.com\/index.php?rest_route=%2Fwp%2Fv2%2Fmedia&parent=614"}],"curies":[{"name":"wp","href":"https:\/\/api.w.org\/{rel}","templated":true}]}}