{"id":695,"date":"2014-11-30T12:26:12","date_gmt":"2014-11-30T11:26:12","guid":{"rendered":"http:\/\/mariorodriguezruiz.com\/?page_id=695"},"modified":"2014-11-30T12:29:24","modified_gmt":"2014-11-30T11:29:24","slug":"biografia-3","status":"publish","type":"page","link":"https:\/\/mariorodriguezruiz.com\/?page_id=695","title":{"rendered":"Biograf\u00eda"},"content":{"rendered":"<p>Mario Rodr\u00edguez Ruiz (Mon\u00f3var, Alicante, 1972) se licencia en Bellas Artes en 1995 por la Universidad Polit\u00e9cnica de Valencia. Se doctora en 2001, obteniendo la calificaci\u00f3n de Sobresaliente Cum Laude con su tesis: <em>Las exposiciones de pintura en Alicante. 1950-1975. Reconstrucci\u00f3n de la actividad expositiva en la ciudad de Alicante a trav\u00e9s de su repercusi\u00f3n en la prensa local.<\/em><\/p>\n<p>En 1999 empieza su actividad docente, en la Escuela Taller de Elda. Al a\u00f1o siguiente imparte clases en la Escuela de Arte y Superior de Dise\u00f1o de Alcoy, y desde 2001 hasta la actualidad trabaja como profesor de Dibujo Art\u00edstico en la Escuela de Arte y Superior de Dise\u00f1o de Alicante, habiendo impartido diferentes asignaturas, en las especialidades de Cer\u00e1mica Art\u00edstica, Maquetismo y Modelismo, Dise\u00f1o Gr\u00e1fico, Dise\u00f1o de Producto y Dise\u00f1o de Interiores. Adem\u00e1s, ha sido Jefe de Departamento de Expresi\u00f3n y Representaci\u00f3n Art\u00edstica y Coordinador del Ciclo Superior de Ilustraci\u00f3n.<\/p>\n<p>Como pintor ha sido seleccionado y premiado en diversos cert\u00e1menes, entre los que cabe destacar <em>Corp\u00f3rea<\/em>, Universidad de Alicante (2009), <em>Ciudad de Tomelloso<\/em> y <em>Josep Amat<\/em>, Sant Feliu de Guixols (2007), <em>VI Bienal de Pintura Rafael Alberola<\/em>, Novelda (Obra adquirida), y <em>VI Concurso EAC<\/em>. <em>Encuentros de Arte Contempor\u00e1neo<\/em>. Instituto Alicantino de Cultura Juan Gil-Albert, Universidad de Alicante (2004), <em>Aula de Artes Pl\u00e1sticas de la Universidad de Murcia<\/em>, y <em>Vila de Teulada<\/em> (2005), <em>Vila de Sant Joan d\u00b4Alacant <\/em>(2001), <em>Convocatoria de Artes Pl\u00e1sticas<\/em>, Diputaci\u00f3n Provincial, Alicante, y <em>Pintor Sorolla<\/em>, Elda, (1999), <em>Ciudad de Castell\u00f3n<\/em>, y <em>Bienal de Pintura Rafael Alberola<\/em>, Novelda (1998), <em>Convocatoria de Artes Pl\u00e1sticas<\/em>, Diputaci\u00f3n Provincial, Alicante (1997), <em>Creativo de Artes de Valladolid<\/em>, <em>XVI Bienal de Pintura de Paterna<\/em>, y <em>Concurso Auton\u00f3mico de Pintura de Vall d&#8217;Uix\u00f3<\/em> (1996). Fundaci\u00f3n Rodr\u00edguez-Acosta, Granada, (1995), <em>II Concurso de Pintura Joven de la Universidad de Alicante<\/em> (Primera Menci\u00f3n Honor\u00edfica), y Jos\u00e9 Mongrell, Cullera (1994).<\/p>\n<p>Ha realizado varias exposiciones individuales, en espacios como Freaks Arts, Alicante (2014), Universidad de Murcia (2006), Museo de Arte Contempor\u00e1neo de Castilla la Mancha, Hell\u00edn (2005), Fundaci\u00f3n FICIA, Elda (2004), Santa Fe Art Institute, Nuevo M\u00e9xico, EEUU, y Sala Naranja, Valencia (2002). Adem\u00e1s, ha participado en muestras colectivas, como <em>Dibujo Alicante, <\/em>Freaks Arts, Alicante (2014), <em>Kunsthall 11<\/em>, Laboratorio de Arte Joven de Murcia (2009), Museum of the Americas, Miami, EEUU, y Blue Door Artists Studios (WASPS Studios), Nairn, Escocia (2004), Galer\u00eda Aural, Alicante (2002). Galer\u00eda Nave 10, Valencia, y Monasterio de San Miguel de las Due\u00f1as, Le\u00f3n (1999). Galer\u00eda la Esfera Azul, Valencia (1997), Galer\u00eda Vinatea, Valencia (1996), Casa de Cultura de Denia (1995) y el ciclo de exposiciones <em>Mon\u00f2ver i el seu entorn<\/em>, con el grupo Palera Jove, Mon\u00f3var (1993). Y su obra est\u00e1 presente en el Santa Fe Art Institute, New Mexico, EEUU, Museum of the Am\u00e9ricas. Miami, Florida, EEUU, Blue Door Studios. WASP Studios-Nairn. Escocia, Reino Unido, Universidad de Murcia, Ayuntamiento de Elda (Alicante), Ayuntamiento de Congosto (Le\u00f3n), y Fundaci\u00f3n FICIA. Elda (Alicante).<\/p>\n<p>En su labor investigadora, se podr\u00edan destacar los estudios publicados sobre las Exposiciones de Pintura de Alicante y el pintor Luis Vidal Maestre, becados por el Instituto Alicantino de Cultura Juan Gil-Albert (RIUNET, Universidad Polit\u00e9cnica de Valencia), las Exposiciones de Pintura de Mon\u00f3var y El palera (Ayuntamiento de Mon\u00f3var y Caja de Ahorros del Mediterr\u00e1neo), y el comisariado de la exposici\u00f3n del pintor Higinio Mallebrera (Ministerio de Cultura).<\/p>\n","protected":false},"excerpt":{"rendered":"<p>Mario Rodr\u00edguez Ruiz (Mon\u00f3var, Alicante, 1972) se licencia en Bellas Artes en 1995 por la Universidad Polit\u00e9cnica de Valencia. Se doctora en&#8230;<\/p>\n","protected":false},"author":1,"featured_media":0,"parent":0,"menu_order":0,"comment_status":"open","ping_status":"open","template":"","meta":{"footnotes":""},"class_list":["post-695","page","type-page","status-publish","hentry"],"jetpack_sharing_enabled":true,"_links":{"self":[{"href":"https:\/\/mariorodriguezruiz.com\/index.php?rest_route=\/wp\/v2\/pages\/695","targetHints":{"allow":["GET"]}}],"collection":[{"href":"https:\/\/mariorodriguezruiz.com\/index.php?rest_route=\/wp\/v2\/pages"}],"about":[{"href":"https:\/\/mariorodriguezruiz.com\/index.php?rest_route=\/wp\/v2\/types\/page"}],"author":[{"embeddable":true,"href":"https:\/\/mariorodriguezruiz.com\/index.php?rest_route=\/wp\/v2\/users\/1"}],"replies":[{"embeddable":true,"href":"https:\/\/mariorodriguezruiz.com\/index.php?rest_route=%2Fwp%2Fv2%2Fcomments&post=695"}],"version-history":[{"count":2,"href":"https:\/\/mariorodriguezruiz.com\/index.php?rest_route=\/wp\/v2\/pages\/695\/revisions"}],"predecessor-version":[{"id":699,"href":"https:\/\/mariorodriguezruiz.com\/index.php?rest_route=\/wp\/v2\/pages\/695\/revisions\/699"}],"wp:attachment":[{"href":"https:\/\/mariorodriguezruiz.com\/index.php?rest_route=%2Fwp%2Fv2%2Fmedia&parent=695"}],"curies":[{"name":"wp","href":"https:\/\/api.w.org\/{rel}","templated":true}]}}